12 = -14*c, -3*o - c = 15. Give s(o).
22
Let x(s) = -s**2 - 3. Let l = -66 - -70. Suppose -d + t = 0, -4*t + 5 + l = -d. Suppose w = 3*z - z + d, -3*z - 3 = -2*w. What is x(w)?
-12
Let n = -976 + 980. Let u(i) = -2*i**2 + 2*i + 13. Give u(n).
-11
Let q(r) = 31*r + 8. Let x be q(-5). Suppose 96*p - 94*p = -286. Let s = p - x. Let i(d) = -d**3 + 3*d**2 + 4*d - 3. Calculate i(s).
-3
Suppose -q - 3*l = -6*q + 64817, 0 = -4*q - 3*l + 51832. Let y(k) = -2 - q*k - k**3 + 12957*k - k**2 - 4*k**2. What is y(-4)?
-2
Let j(l) = l**3 - 6 + 5 - 8 - 409*l**2 + 420*l**2 + 18*l - 7. Calculate j(-9).
-16
Let c(k) = -4*k + 1. Let j be (4 + (-68)/8)*-8. Let t be (-4)/(-18) + (-116)/j. Calculate c(t).
13
Let z = -489 - -500. Let g(v) = -17342 + 17350 - v**2 - z*v + 2*v**2. Calculate g(9).
-10
Let n(b) = 5 + 1 + b - 3*b - 21 + b**2. Calculate n(12).
105
Suppose -23*v = -24*v + 3*z + 161, 0 = 5*v - z - 791. Let n(a) = -157 + v - 3*a**2 - 2*a - 5*a**2. What is n(-2)?
-27
Let i(b) = -8*b + 71. Let h be 55/6 - (-18)/(-108). Let t be i(h). Let w(f) be the third derivative of -3*f**5/20 + f**4/24 - 6*f**2. Determine w(t).
-10
Let k be (-4200)/(-384) - 8/(-128). Let u(v) = -3*v**2 - 17*v + 11. Let t(m) = 8*m**2 + 50*m - 34. Let z(x) = -4*t(x) - 11*u(x). What is z(k)?
-7
Suppose 0 = 3*g - 17 + 2. Let j(x) = -88*x - 88*x - g - 4 + 177*x. Suppose 2*y + 0*r - 4 = 2*r, 2 = -y + 2*r. Give j(y).
-3
Let j be ((-1408)/880 + 29/(-10))*1*-2. Let z(k) = k**2 - 10*k - 13. Let x(b) = -2*b**2 + 20*b + 25. Let o(l) = -4*x(l) - 7*z(l). Give o(j).
-18
Let n(d) be the third derivative of d**5/60 + 11*d**4/8 + 57*d**3/2 + 15*d**2 + 3*d - 4. Determine n(-26).
-11
Suppose n + 85 = 3*b, 0 = 7*b - 3*b + 5*n - 88. Let a(f) = -16*f - b*f + 47*f - 4. Calculate a(5).
16
Let l be 655 - (20/(-5) - 2). Let a(v) = l + 2*v + 6*v - 7*v**2 + v**3 - 4*v - 648. What is a(6)?
1
Let o = -12 - -18. Let d(w) = -11*w - 87. Let c(s) = 4*s + 31. Let a(m) = 17*c(m) + 6*d(m). Determine a(o).
17
Let x(w) = -4*w - 3. Suppose -4*q = 7*q - 110. Suppose -h + 3*z = 13, -6*h + 36 = -q*h - 4*z. Let m be 6 - (-160)/(-25) - (-16)/h. Determine x(m).
5
Let q(m) = m**3 - 17 - 18*m + 10 - 10 - 8*m**2 - 5. Calculate q(10).
-2
Let m = -1127 + 1116. Let c(l) = l + 37. Determine c(m).
26
Let q(s) be the first derivative of -4*s + 1/3*s**3 + 44 - 11/2*s**2. Give q(12).
8
Let l(p) = -p**2 + 4*p + 5. Let w(v) = -74*v + 5. Let q be w(-4). Let a = 167 - q. Let s = 139 + a. Calculate l(s).
0
Let l(m) be the second derivative of -m**5/20 - 5*m**4/6 - m**3/2 - 7*m**2 - m. Let j be (2/20 - 5124/(-21960))*-30. What is l(j)?
16
Let n(q) = -q**3 + 5*q**2 - 2*q + 12. Let p(a) = -2*a**2 - 59*a - 108. Let m be p(-27). Let u(y) = 14*y - 373. Let w be u(m). Calculate n(w).
2
Suppose -4*g - 40 = 4*v - 0*g, 5*v + 23 = 4*g. Let t = -765 + 754. Let x = t - v. Let p(q) = q**2 + 7*q + 6. Calculate p(x).
-6
Let c(r) be the third derivative of r**5/60 - 13*r**4/12 - 13*r**3/3 - 2*r**2 + 203*r. Determine c(27).
1
Let y = 12 - 7. Let u be 162/54 - (3*1)/(-1). Let b(t) = -u*t - 331*t**2 + 332*t**2 + 11 - 4. Give b(y).
2
Suppose 7 = 5*f - 0*f + 2*s, 5*f + s - 6 = 0. Let x = 2 + f. Suppose 11 = -3*j + p, -1 = -j - x*p + p. Let y(c) = c**3 + 2*c**2 - c - 1. What is y(j)?
-7
Let t(l) = 4*l - 4. Suppose 72 = -10*y + 2*y. Let n = y + -17. Let x be 1 + (96/52 - 4/n). What is t(x)?
8
Let s(m) be the third derivative of -m**5/30 + 5*m**4/24 + 5*m**3/6 + 2*m**2. Let z be (72/60)/(21/(-70)). What is s(z)?
-47
Let u(j) = 0 + 33*j**3 + 1 - 28*j**3 - j**2 - 4*j**3. Let l(c) = -4*c**3 + 7*c**2 + 2*c - 3. Let m(o) = l(o) + 5*u(o). Give m(-2).
-2
Suppose 12*d - 68 = -2*o + 8*d, o + 5*d - 40 = 0. Suppose 4*g = -2*g + o. Let a(y) = y**3 - 4*y**2 + 5*y - 2. Give a(g).
48
Let n(y) = 8*y**2 + y. Let i(t) = -7*t - 18 - 2 - 7. Suppose 0 = -4*k - 17*v + 16*v - 12, 5*k + 12 = -2*v. Let f be i(k). Calculate n(f).
9
Let y = 372 - 369. Suppose -4*a + 2*l = -28, -a + 6*a = -y*l + 46. Let s(x) = -x**3 + 10*x**2 - 13*x + 8. What is s(a)?
32
Let k be (-3)/(4/((-32)/(-6))). Let h(q) = 25*q**3 - 20*q**2 - 9*q - 42. Let a(r) = 44*r**3 - 34*r**2 - 17*r - 75. Let t(n) = 4*a(n) - 7*h(n). Calculate t(k).
14
Let p(n) be the third derivative of n**5/30 + n**4/8 - 16*n**3/3 + 3*n**2 - 24*n. Let d be p(-5). Let q(r) = -r**3 + 3*r**2 + r + 1. Calculate q(d).
4
Let a(c) = -22*c**2 + 1 - 6*c + c - 19*c - 8*c + 35*c - 2*c. Suppose v + 0*v = -1. Determine a(v).
-22
Let h be 129/(-2)*16/(-12). Suppose -2*j - 100 + h = 0. Let a(p) = 3*p**2 - 3*p - 2. Let m(f) = -5*f**2 + 5*f + 4. Let i(u) = j*a(u) - 4*m(u). What is i(0)?
-2
Suppose -34 = -92*z + 96*z + 2*k, -4*k = 12. Let h(j) = 5*j**3 + 35*j**2 + 1. Give h(z).
1
Let k be 87/(-2)*19*36/(-1026). Let p(v) = -5*v + 139. Give p(k).
-6
Let i(y) be the second derivative of y**4/12 + 5*y**3/6 - y**2 - 21*y. Let f be (-2)/10 + 59/(-5). Let q = 6 + f. Determine i(q).
4
Suppose -2*u + 3 + 1 = 0. Let k be 11/(-3) + u/3 - 11. Let v = 14 + k. Let o(q) = -q + 1. What is o(v)?
1
Suppose 6554*j - 6616*j - 60 = -308. Let h(y) = 10*y**2 - 4*y + 6. Give h(j).
150
Let q(h) = -h**3 + 5*h**2 + 3*h - 12. Let i be q(5). Let d(v) = 3*v - i*v + v - 6 + 2 - 11. What is d(19)?
4
Let t(j) = j + 1. Let v = 35 + -33. Suppose v*l + 4*r = -l + 15, 3*r = -l + 10. Suppose 4*q = -m - 20, 3 - l = -q - m. Determine t(q).
-5
Let w(p) = -9*p + 47 + 1 + 98. Calculate w(16).
2
Suppose 5*b - 45 = -d, 0 = -5*b - d + 2*d + 45. Let q(a) = -5*a + 16. Calculate q(b).
-29
Let o(p) = -6*p - 5*p**2 + 352*p**3 + 7 - 232*p**3 - 119*p**3. Let s be 84/15 - 4/(-10). What is o(s)?
7
Let r(m) be the second derivative of -m**5/20 + 5*m**4/6 + 11*m**3/6 + 25*m**2/2 - 3*m - 162. Give r(11).
25
Let n(t) = 2*t**2 + 4*t + 3. Suppose -2*m = 0, 3*l - 5*m - 7 = -19. Determine n(l).
19
Let t(d) = -62*d + 4. Let q(p) = -37*p + 2. Let u(m) = 5*q(m) - 3*t(m). Let s(a) = 4*a + 4. Let l be s(4). Suppose l = -y + 6*y. Give u(y).
2
Let j = -621 - -624. Let c(i) = 42*i + 5*i**2 - 54*i + i**j + 14*i + 3. Suppose -w - 11 = 2*d, 0*w + 1 = -w. Give c(d).
-7
Let a = 373 - 365. Let m(c) be the first derivative of c**3/3 - 9*c**2/2 - 4*c + 79. What is m(a)?
-12
Let a(b) = b**2 - 10*b - 11. Suppose -21*d + 54 = -19*d. Suppose -4*w - d = -t, 4*t - 3*w = 72 - 16. Give a(t).
0
Suppose 2*o - 3 = -2*n + o, 0 = -3*n + 5*o - 28. Let a be n + (-1)/(-1) + (-24)/4. Let r(x) = -x. Let c(g) = -7*g - 2. Let v(m) = c(m) - 6*r(m). What is v(a)?
4
Let g = 12 - -13. Let r be (-4)/10 - (-85)/g. Let m(z) = -z - 1 + 5 - r. Give m(6).
-5
Let m(s) = -26*s**2 + 3*s - 2. Suppose 0 = 5*f - 2*h - 3, -2*f + 4 = -0*h + 2*h. Calculate m(f).
-25
Let s(p) = 6*p + 6*p**2 + 0*p**2 + 3*p + 7 - 13*p**2 - 4. Let w(d) = -16*d**2 + 20*d + 7. Let c(f) = 9*s(f) - 4*w(f). Give c(5).
29
Let b(r) = -9*r**2 - 10*r - 6. Let a(h) = 2*h**2 + 2*h + 3. Let y(q) = 4*a(q) + b(q). Calculate y(-3).
3
Let t(p) = 18*p + 24955*p**2 + 24964*p**2 - 6 - 20 - 49920*p**2. Calculate t(8).
54
Let v(k) = 6*k**2 - 3*k**2 - 2*k**3 + 4*k**2 - 1 + 3*k**3. Let q be -28*(15/(-10) + 1). Suppose 4*n + q = 2*x - 6, -5*x - 20 = 0. Determine v(n).
-1
Let w(k) be the first derivative of k**5/20 + k**4/4 + 2*k**3/3 + 7*k**2/2 + 104*k + 79. Let b(o) be the first derivative of w(o). What is b(-3)?
-5
Let x = -271 + 274. Suppose 0 = 5*d + 2*b + 7 - x, -3*d + 10 = -5*b. Let c(g) = -g - 6. Calculate c(d).
-6
Let p(u) = -u**2 - 5*u + 6. Let z be p(-6). Let o(y) = -2*y**3 + 6*y**2 + 3*y - 3. Let x be o(3). Let h(s) = x - 2 - 3 + s. What is h(z)?
1
Let n(p) = p**3 + 39*p**2 + 38*p + 14. Let u be 5 - -387*(-23)/207. Give n(u).
14
Let c(o) = 4*o**3 - 38*o**2 - 33*o + 18. Let k(l) = l**3 - 9*l**2 - 8*l + 4. Let d(g) = 2*c(g) - 9*k(g). What is d(5)?
30
Let z = 3159 - 3155. Let d(a) = 3*a**2 - 4*a - 8. Determine d(z).
24
Let m = 936 + -3743/4. Let s(a) be the second derivative of -m*a**4 - 1/20*a**5 + 5/6*a**3 + 3*a**2 - 2*a + 0. Give s(-4).
2
Let d(v) be the second derivative of -19/6*v**3 + 3/2*v**4 + 4*v - 1/20*v**5 + 25/2*v**2 - 2. Give d(17).
-9
Let i = 40 - 37. Let k(n) = -n**2 - 2*n - 2. Let y(r) = -r**2 + 16*r + 15. Let f be y(17). Let l(u) = -u**2 - 2*u - 3. Let v(a) = f*l(a) + i*k(a). Give v(-2).
0
Let i = -27 + 24. Let j be 26/6 + 4/(-24)*2. Let u(b) = -b + 0*b + 4*b - 1 - j*b. Give u(i).
2
Let y(t) = 15 + 2157*t**2